2?
2, 61, 15121
List the prime factors of 1417349.
1417349
What are the prime factors of 704810?
2, 5, 70481
What are the prime factors of 1080821?
7, 59, 2617
List the prime factors of 547390.
2, 5, 19, 43, 67
What are the prime factors of 1734895?
5, 59, 5881
List the prime factors of 1812109.
13, 139393
What are the prime factors of 430754?
2, 37, 5821
List the prime factors of 1497953.
739, 2027
List the prime factors of 18460860.
2, 3, 5, 11, 83, 337
List the prime factors of 3315027.
3, 1105009
List the prime factors of 14046957.
3, 463, 3371
What are the prime factors of 28441672?
2, 7, 131, 3877
What are the prime factors of 155260?
2, 5, 7, 1109
List the prime factors of 146715.
3, 5, 9781
What are the prime factors of 5580389?
89, 62701
What are the prime factors of 7796967?
3, 2598989
List the prime factors of 17487205.
5, 887, 3943
List the prime factors of 1148461.
127, 9043
What are the prime factors of 10871866?
2, 1669, 3257
List the prime factors of 370.
2, 5, 37
List the prime factors of 14339113.
14339113
What are the prime factors of 2356298?
2, 7, 47, 3581
List the prime factors of 30970038.
2, 3, 11, 19, 24697
List the prime factors of 743396.
2, 185849
List the prime factors of 212454.
2, 3, 11, 29, 37
List the prime factors of 1254004.
2, 37, 229
What are the prime factors of 94080?
2, 3, 5, 7
List the prime factors of 18150744.
2, 3, 756281
List the prime factors of 5024786.
2, 13, 193261
List the prime factors of 370083.
3, 7, 17623
What are the prime factors of 6536927?
97, 67391
What are the prime factors of 872195?
5, 19, 9181
List the prime factors of 65095.
5, 47, 277
What are the prime factors of 294921?
3, 11, 331
What are the prime factors of 10379459?
257, 40387
List the prime factors of 1136462.
2, 568231
What are the prime factors of 303343?
163, 1861
List the prime factors of 65481.
3, 13, 23, 73
List the prime factors of 136572.
2, 3, 19, 599
List the prime factors of 4400612.
2, 41, 26833
List the prime factors of 9380347.
127, 233, 317
What are the prime factors of 11306167?
61, 73, 2539
What are the prime factors of 4756699?
23, 206813
List the prime factors of 1596127.
13, 59, 2081
What are the prime factors of 239996?
2, 59999
What are the prime factors of 698344?
2, 87293
List the prime factors of 20249191.
89, 227519
What are the prime factors of 719530?
2, 5, 7, 19, 541
List the prime factors of 26547.
3, 8849
List the prime factors of 17366964.
2, 3, 1447247
What are the prime factors of 68946?
2, 3, 11491
List the prime factors of 231910.
2, 5, 7, 3313
What are the prime factors of 17061327?
3, 631901
List the prime factors of 80403.
3, 26801
List the prime factors of 15279126.
2, 3, 2546521
What are the prime factors of 767054?
2, 383527
What are the prime factors of 54817?
7, 41, 191
List the prime factors of 247777.
127, 1951
What are the prime factors of 150104?
2, 29, 647
List the prime factors of 115180.
2, 5, 13, 443
List the prime factors of 8700181.
7, 31, 40093
What are the prime factors of 14238686?
2, 7, 11, 92459
What are the prime factors of 4970134?
2, 13, 19, 10061
What are the prime factors of 8489520?
2, 3, 5, 13, 907
What are the prime factors of 902040?
2, 3, 5, 7517
What are the prime factors of 104555?
5, 11, 1901
List the prime factors of 5119065.
3, 5, 7, 5417
What are the prime factors of 2190146?
2, 7, 73, 2143
List the prime factors of 921740.
2, 5, 17, 2711
What are the prime factors of 266935?
5, 197, 271
What are the prime factors of 455158?
2, 11, 17, 1217
List the prime factors of 440099.
11, 40009
What are the prime factors of 13589754?
2, 3, 2264959
What are the prime factors of 5626054?
2, 7, 401861
List the prime factors of 663972.
2, 3, 55331
What are the prime factors of 415102?
2, 207551
List the prime factors of 188417.
188417
What are the prime factors of 10538859?
3, 677, 5189
List the prime factors of 318887.
89, 3583
List the prime factors of 89048.
2, 11131
What are the prime factors of 16494?
2, 3, 2749
What are the prime factors of 1161413?
11, 19, 5557
What are the prime factors of 251485?
5, 13, 53, 73
List the prime factors of 1330116.
2, 3, 199, 557
List the prime factors of 6614553.
3, 11, 227, 883
What are the prime factors of 7017317?
7017317
What are the prime factors of 13316?
2, 3329
List the prime factors of 2000744.
2, 449, 557
List the prime factors of 377500.
2, 5, 151
What are the prime factors of 3961596?
2, 3, 330133
List the prime factors of 422.
2, 211
What are the prime factors of 5462404?
2, 311, 4391
What are the prime factors of 31831?
139, 229
What are the prime factors of 3729868?
2, 17, 54851
List the prime factors of 79903.
79903
List the prime factors of 315975.
3, 5, 11, 383
List the prime factors of 3055822.
2, 7, 11, 19843
List the prime factors of 227325.
3, 5, 7, 433
List the prime factors of 917989.
61, 101, 149
What are the prime factors of 474403?
53, 8951
List the prime factors of 669021.
3, 223007
List the prime factors of 8298151.
67, 123853
What are the prime factors of 72780?
2, 3, 5, 1213
List the prime factors of 271641.
3, 90547
What are the prime factors of 5560291?
11, 505481
List the prime factors of 2072049.
3, 7, 98669
What are the prime factors of 263943?
3, 29327
List the prime factors of 8609914.
2, 97, 44381
What are the prime factors of 571732?
2, 7, 2917
List the prime factors of 14100388.
2, 43, 73, 1123
List the prime factors of 67456.
2, 17, 31
List the prime factors of 6161538.
2, 3, 179, 5737
What are the prime factors of 12859059?
3, 47, 91199
What are the prime factors of 1568136?
2, 3, 223, 293
What are the prime factors of 2200540?
2, 5, 47, 2341
What are the prime factors of 3073979?
3073979
What are the prime factors of 5461284?
2, 3, 17, 19, 1409
List the prime factors of 777347.
19, 163, 251
List the prime factors of 282995.
5, 56599
List the prime factors of 267655.
5, 199, 269
List the prime factors of 634957.
37, 131
What are the prime factors of 40146169?
7, 71, 80777
What are the prime factors of 114704?
2, 67, 107
What are the prime factors of 1135043?
7, 13, 12473
List the prime factors of 1373351.
7, 196193
What are the prime factors of 742432?
2, 23201
List the prime factors of 98256.
2, 3, 23, 89
What are the prime factors of 2430492?
2, 3, 67, 3023
What are the prime factors of 984378?
2, 3, 359, 457
List the prime factors of 1363860.
2, 3, 5, 7577
List the prime factors of 1789266.
2, 3, 298211
List the prime factors of 247505.
5, 59, 839
What are the prime factors of 477556?
2, 119389
What are the prime factors of 10658919?
3, 653, 5441
List the prime factors of 33547475.
5, 13, 109, 947
List the prime factors of 1914879.
3, 251, 2543
List the prime factors of 3709415.
5, 741883
What are the prime factors of 260624?
2, 7, 13, 179
What are the prime factors of 214710?
2, 3, 5, 17, 421
What are the prime factors of 402415?
5, 13, 41, 151
What are the prime factors of 1832086?
2, 379, 2417
List the prime factors of 329309.
329309
List the prime factors of 522805.
5, 104561
What are the prime factors of 196457?
71, 2767
List the prime factors of 6349707.
3, 7, 13, 7753
What are the prime factors of 172230?
2, 3, 5, 5741
List the prime factors of 1453397.
11, 37, 3571
What are the prime factors of 3721633?
1583, 2351
What are the prime factors of 68448?
2, 3, 23, 31
What are the prime factors of 15096628?
2, 31, 211, 577
List the prime factors of 368744.
2, 46093
List the prime factors of 6286560.
2, 3, 5, 7, 1871
List the prime factors of 14213586.
2, 3, 23, 127, 811
List the prime factors of 2669547.
3, 197, 4517
What are the prime factors of 4073168?
2, 11, 23143
What are the prime factors of 1656823?
7, 37, 6397
List the prime factors of 1803564.
2, 3, 7, 17, 421
List the prime factors of 3251858.
2, 73, 22273
List the prime factors of 9926087.
23, 179, 2411
What are the prime factors of 2181054?
2, 3, 593, 613
List the prime factors of 83297.
31, 2687
List the prime factors of 142435.
5, 61, 467
List the prime factors of 1733223.
3, 67, 8623
What are the prime factors of 450625?
5, 7, 103
List the prime factors of 80616.
2, 3, 3359
What are the prime factors of 229910?
2, 5, 83, 277
What are the prime factors of 447465?
3, 5, 23, 1297
What are the prime factors of 